{"id":189,"date":"2019-04-09T08:50:09","date_gmt":"2019-04-09T06:50:09","guid":{"rendered":"http:\/\/zsp.wegrow.pl\/?page_id=189"},"modified":"2024-05-09T14:24:26","modified_gmt":"2024-05-09T12:24:26","slug":"kontakt","status":"publish","type":"page","link":"https:\/\/zsp.wegrow.pl\/index.php\/kontakt\/","title":{"rendered":"Kontakt"},"content":{"rendered":"\n<p class=\"has-text-align-center has-medium-font-size\"><strong><em>Zesp\u00f3\u0142 Szk\u00f3\u0142 Ponadpodstawowych<\/em><\/strong><strong><em> im. Jana Kochanowskiego w W\u0119growie<\/em><\/strong><\/p>\n\n\n\n<p class=\"has-text-align-center has-medium-font-size\"><strong><em>adres:<\/em><\/strong><br><strong><em>ul. Bohater\u00f3w Warszawy 10, 07-100 W\u0119gr\u00f3w<\/em><\/strong><br><strong><em>powiat w\u0119growski<\/em><\/strong><br><strong><em>wojew\u00f3dztwo mazowieckie<\/em><\/strong><\/p>\n\n\n\n<p class=\"has-text-align-center has-medium-font-size\"><strong><em>dyrektor szko\u0142y: &nbsp; dr Joanna Go\u0142\u0119biewska &#8211; Kokoszka<\/em><\/strong><\/p>\n\n\n\n<p class=\"has-text-align-center has-medium-font-size\"><em><strong>sekretariat: tel.\/fax. 25 792 26 76,&nbsp; e-mail: &nbsp;<a href=\"mailto:sekretariat@zsp.wegrow.pl\">sekretariat@zsp.wegrow.pl<\/a><\/strong><strong>&nbsp;<\/strong><\/em><\/p>\n\n\n\n<p class=\"has-text-align-center\"><strong><em>Sekretariat szko\u0142y w budynku g\u0142\u00f3wnym czynny w godz. 8 <sup>00<\/sup> &#8211; 16 <sup>00<\/sup><\/em><\/strong><\/p>\n\n\n\n<iframe src=\"https:\/\/www.google.com\/maps\/embed?pb=!1m18!1m12!1m3!1d1023.6367984313229!2d22.01138738419595!3d52.39521522107192!2m3!1f0!2f0!3f0!3m2!1i1024!2i768!4f13.1!3m3!1m2!1s0x471f15af004de6dd%3A0xa8433d1754bf767d!2zQm9oYXRlcsOzdyBXYXJzemF3eSAxMCwgMDctMTAwIFfEmWdyw7N3!5e0!3m2!1spl!2spl!4v1715257445436!5m2!1spl!2spl\" width=\"600\" height=\"450\" style=\"border:0;\" allowfullscreen=\"\" loading=\"lazy\" referrerpolicy=\"no-referrer-when-downgrade\"><\/iframe>\n","protected":false},"excerpt":{"rendered":"<p>Zesp\u00f3\u0142 Szk\u00f3\u0142 Ponadpodstawowych im. Jana Kochanowskiego w W\u0119growie adres:ul. Bohater\u00f3w Warszawy 10, 07-100 W\u0119gr\u00f3wpowiat w\u0119growskiwojew\u00f3dztwo mazowieckie dyrektor szko\u0142y: &nbsp; dr Joanna Go\u0142\u0119biewska &#8211; Kokoszka sekretariat: tel.\/fax. 25 792 26 76,&nbsp; e-mail: &nbsp;sekretariat@zsp.wegrow.pl&nbsp; Sekretariat szko\u0142y w<\/p>\n","protected":false},"author":1,"featured_media":0,"parent":0,"menu_order":0,"comment_status":"closed","ping_status":"closed","template":"","meta":{"ngg_post_thumbnail":0,"_themeisle_gutenberg_block_has_review":false,"jetpack_post_was_ever_published":false,"footnotes":""},"class_list":["post-189","page","type-page","status-publish","hentry"],"jetpack_sharing_enabled":true,"jetpack_shortlink":"https:\/\/wp.me\/PaT2nI-33","_links":{"self":[{"href":"https:\/\/zsp.wegrow.pl\/index.php\/wp-json\/wp\/v2\/pages\/189","targetHints":{"allow":["GET"]}}],"collection":[{"href":"https:\/\/zsp.wegrow.pl\/index.php\/wp-json\/wp\/v2\/pages"}],"about":[{"href":"https:\/\/zsp.wegrow.pl\/index.php\/wp-json\/wp\/v2\/types\/page"}],"author":[{"embeddable":true,"href":"https:\/\/zsp.wegrow.pl\/index.php\/wp-json\/wp\/v2\/users\/1"}],"replies":[{"embeddable":true,"href":"https:\/\/zsp.wegrow.pl\/index.php\/wp-json\/wp\/v2\/comments?post=189"}],"version-history":[{"count":19,"href":"https:\/\/zsp.wegrow.pl\/index.php\/wp-json\/wp\/v2\/pages\/189\/revisions"}],"predecessor-version":[{"id":15224,"href":"https:\/\/zsp.wegrow.pl\/index.php\/wp-json\/wp\/v2\/pages\/189\/revisions\/15224"}],"wp:attachment":[{"href":"https:\/\/zsp.wegrow.pl\/index.php\/wp-json\/wp\/v2\/media?parent=189"}],"curies":[{"name":"wp","href":"https:\/\/api.w.org\/{rel}","templated":true}]}}