{"id":2482,"date":"2019-10-16T14:58:29","date_gmt":"2019-10-16T12:58:29","guid":{"rendered":"http:\/\/zsp.wegrow.pl\/?page_id=2482"},"modified":"2025-04-29T19:13:17","modified_gmt":"2025-04-29T17:13:17","slug":"rodo","status":"publish","type":"page","link":"https:\/\/zsp.wegrow.pl\/index.php\/rodo\/","title":{"rendered":"RODO"},"content":{"rendered":"\n<p class=\"has-text-align-justify\">Na podstawie art.37 Rozporz\u0105dzenia Parlamentu Europejskiego i Rady (UE) 2016\/679 z&nbsp;dnia 27 kwietnia 2016 r. w sprawie ochrony os\u00f3b fizycznych w zwi\u0105zku z przetwarzaniem danych osobowych i w sprawie swobodnego przep\u0142ywu takich danych oraz uchyleniem dyrektywy 95\/46\/WE (og\u00f3lne rozporz\u0105dzenie o ochronie danych) \u2013 RODO.<\/p>\n\n\n\n<p class=\"has-text-align-justify\">Osob\u0105 pe\u0142ni\u0105c\u0105 funkcj\u0119 Inspektora Ochrony Danych w Zespole Szk\u00f3\u0142 Ponadpodstawowych im. Jana Kochanowskiego jest pan <strong>Marek Daniel<\/strong>.<\/p>\n\n\n\n<p class=\"has-text-align-left\">Dane do kontaktu:\u00a0<strong>iod-md@tbdsiedlce.pl<\/strong>, <strong>iod-zz@tbdsiedlce.pl<\/strong><\/p>\n\n\n\n<ol start=\"1\" class=\"wp-block-list\">\n<li>Administratorem Pa\u0144stwa danych osobowych jest:<\/li>\n<\/ol>\n\n\n\n<p><strong>Zesp\u00f3\u0142 Szk\u00f3\u0142 Ponadpodstawowych im. Jana Kochanowskiego<\/strong><br><strong>07-100 W\u0119gr\u00f3w, ul. Boh. Warszawy 10<\/strong><\/p>\n\n\n\n<p><strong><em>&nbsp;tel. 25 792 26 76, e-mail :&nbsp;<\/em><\/strong>sekretariat@zsp.wegrow.pl<\/p>\n\n\n\n<ol start=\"2\" class=\"wp-block-list\">\n<li>Pani\/Pana dane osobowe b\u0119d\u0105 przetwarzane w celu prowadzenia spraw zwi\u0105zanych ze z\u0142o\u017ceniem przez Pani\u0105\/Pana wniosku do Administratora Danych o przyznanie jednorazowego bezzwrotnego \u015bwiadczenia pieni\u0119\u017cnego b\u0119d\u0105c\u0105 dofinansowaniem koszt\u00f3w leczenia ponoszonych przez nauczycieli.<\/li>\n\n\n\n<li>Powiat W\u0119growski\/Starostwo Powiatowe w W\u0119growie gromadzi Pa\u0144stwa dane w celu realizacji zada\u0144 wynikaj\u0105cych z przepis\u00f3w prawa:<\/li>\n<\/ol>\n\n\n\n<p>1)&nbsp;&nbsp;&nbsp;&nbsp;&nbsp;&nbsp;Ustawy z dnia 26 stycznia 1982r.- Karta Nauczyciela, (Dz. U. z 2018 poz. 967) \u2013&nbsp;Art. 72.&nbsp; Ust.&nbsp;1<\/p>\n\n\n\n<p>2)&nbsp;&nbsp;&nbsp;&nbsp;&nbsp;&nbsp;Uchwa\u0142y Nr XIV\/139\/2016 Rady Powiatu W\u0119growskiego z dnia 9 marca 2016 r. w sprawie okre\u015blenia rodzaju \u015bwiadcze\u0144 przyznawanych w ramach pomocy zdrowotnej dla nauczycieli oraz warunki i spos\u00f3b ich przyznawania<\/p>\n\n\n\n<ol start=\"5\" class=\"wp-block-list\">\n<li>Administrator Danych przetwarza Pa\u0144stwa dane osobowe w \u015bci\u015ble okre\u015blonym, minimalnym zakresie niezb\u0119dnym do osi\u0105gni\u0119cia celu, o kt\u00f3rym mowa powy\u017cej.\u00a0<\/li>\n\n\n\n<li>Administrator mo\u017ce przekaza\u0107\/powierzy\u0107 Pa\u0144stwa dane innym instytucjom\/podmiotom. Podstaw\u0105 przekazania\/powierzenia danych s\u0105 przepisy prawa lub w\u0142a\u015bciwie skonstruowane, zapewniaj\u0105ce bezpiecze\u0144stwo danym osobowym, porozumienia oraz umowy powierzenia danych do przetwarzania przez podmioty \u015bwiadcz\u0105ce us\u0142ugi na rzecz Administratora.<\/li>\n\n\n\n<li>Dane osobowe przetwarzane przez Powiat W\u0119growski\/Starostwo Powiatowe w W\u0119growie przechowywane b\u0119d\u0105 przez okres niezb\u0119dny do realizacji celu dla jakiego zosta\u0142y zebrane oraz zgodnie z terminami archiwizacji okre\u015blonymi przez Rozporz\u0105dzenie Prezesa Rady Ministr\u00f3w z dnia 18 stycznia 2011 r. w sprawie instrukcji kancelaryjnej, jednolitych rzeczowych wykaz\u00f3w akt oraz instrukcji w sprawie organizacji i zakresu dzia\u0142ania archiw\u00f3w zak\u0142adowych.<\/li>\n\n\n\n<li>Przys\u0142uguje Pani\/Panu, z wyj\u0105tkami zastrze\u017conymi przepisami prawa, mo\u017cliwo\u015b\u0107:<\/li>\n<\/ol>\n\n\n\n<p>a)&nbsp;&nbsp;&nbsp;&nbsp;&nbsp;&nbsp;dost\u0119pu do danych osobowych jej\/jego dotycz\u0105cych,<\/p>\n\n\n\n<p>b)&nbsp;&nbsp;&nbsp;&nbsp;&nbsp;&nbsp;\u017c\u0105dania ich sprostowania,<\/p>\n\n\n\n<p>c)&nbsp;&nbsp;&nbsp;&nbsp;&nbsp;&nbsp;&nbsp;usuni\u0119cia lub ograniczenia przetwarzania,<\/p>\n\n\n\n<p>d)&nbsp;&nbsp;&nbsp;&nbsp;&nbsp;&nbsp;wniesienia sprzeciwu wobec przetwarzania<\/p>\n\n\n\n<ol start=\"9\" class=\"wp-block-list\">\n<li>Z powy\u017cszych uprawnie\u0144 mo\u017cna skorzysta\u0107 w siedzibie Administratora, pisz\u0105c na adres Administratora lub drog\u0105 elektroniczn\u0105 kieruj\u0105c korespondencj\u0119 na adres:\u00a0<\/li>\n<\/ol>\n\n\n\n<p><a href=\"mailto:iod-md@tbdsiedlce.pl\">iod-md@tbdsiedlce.pl<\/a>;&nbsp;&nbsp;<a href=\"mailto:iod-zz@tbdsiedlce.pl\">iod-zz@tbdsiedlce.pl<\/a><\/p>\n\n\n\n<ol start=\"10\" class=\"wp-block-list\">\n<li>Przys\u0142uguje Pa\u0144stwu prawo wniesienia skargi do organu nadzorczego na niezgodne z RODO przetwarzanie Pa\u0144stwa danych osobowych przez Powiat W\u0119growski\/Starostwo Powiatowe w W\u0119growie. Organem w\u0142a\u015bciwym dla ww. skargi jest:<\/li>\n<\/ol>\n\n\n\n<p><strong>Prezes Urz\u0119du Ochrony Danych Osobowych, ul. Stawki 2, 00-193 Warszawa<\/strong><\/p>\n\n\n\n<ol start=\"11\" class=\"wp-block-list\">\n<li>Przetwarzanie dane osobowe u Administratora Danych oraz podanie danych osobowych jest wymogiem ustawowym. O szczeg\u00f3\u0142ach podstawy gromadzenia danych osobowych, obowi\u0105zku lub dobrowolno\u015bci ich podania oraz potencjalnych konsekwencjach niepodania danych, informowani Pa\u0144stwo b\u0119dziecie przez merytoryczn\u0105 kom\u00f3rk\u0119 Administratora danych prowadz\u0105c\u0105 przetwarzanie.<\/li>\n<\/ol>\n\n\n\n<p><\/p>\n","protected":false},"excerpt":{"rendered":"<p>Na podstawie art.37 Rozporz\u0105dzenia Parlamentu Europejskiego i Rady (UE) 2016\/679 z&nbsp;dnia 27 kwietnia 2016 r. w sprawie ochrony os\u00f3b fizycznych w zwi\u0105zku z przetwarzaniem danych osobowych i w sprawie swobodnego przep\u0142ywu takich danych oraz uchyleniem<\/p>\n","protected":false},"author":1,"featured_media":0,"parent":0,"menu_order":0,"comment_status":"closed","ping_status":"closed","template":"","meta":{"ngg_post_thumbnail":0,"_themeisle_gutenberg_block_has_review":false,"jetpack_post_was_ever_published":false,"footnotes":""},"class_list":["post-2482","page","type-page","status-publish","hentry"],"jetpack_sharing_enabled":true,"jetpack_shortlink":"https:\/\/wp.me\/PaT2nI-E2","_links":{"self":[{"href":"https:\/\/zsp.wegrow.pl\/index.php\/wp-json\/wp\/v2\/pages\/2482","targetHints":{"allow":["GET"]}}],"collection":[{"href":"https:\/\/zsp.wegrow.pl\/index.php\/wp-json\/wp\/v2\/pages"}],"about":[{"href":"https:\/\/zsp.wegrow.pl\/index.php\/wp-json\/wp\/v2\/types\/page"}],"author":[{"embeddable":true,"href":"https:\/\/zsp.wegrow.pl\/index.php\/wp-json\/wp\/v2\/users\/1"}],"replies":[{"embeddable":true,"href":"https:\/\/zsp.wegrow.pl\/index.php\/wp-json\/wp\/v2\/comments?post=2482"}],"version-history":[{"count":4,"href":"https:\/\/zsp.wegrow.pl\/index.php\/wp-json\/wp\/v2\/pages\/2482\/revisions"}],"predecessor-version":[{"id":17696,"href":"https:\/\/zsp.wegrow.pl\/index.php\/wp-json\/wp\/v2\/pages\/2482\/revisions\/17696"}],"wp:attachment":[{"href":"https:\/\/zsp.wegrow.pl\/index.php\/wp-json\/wp\/v2\/media?parent=2482"}],"curies":[{"name":"wp","href":"https:\/\/api.w.org\/{rel}","templated":true}]}}

<p class="has-text-align-justify">Na podstawie art.37 Rozporządzenia Parlamentu Europejskiego i Rady (UE) 2016/679 z&nbsp;dnia 27 kwietnia 2016 r. w sprawie ochrony osób fizycznych w związku z przetwarzaniem danych osobowych i w sprawie swobodnego przepływu takich danych oraz uchyleniem dyrektywy 95/46/WE (ogólne rozporządzenie o ochronie danych) – RODO.</p>



<p class="has-text-align-justify">Osobą pełniącą funkcję Inspektora Ochrony Danych w Zespole Szkół Ponadpodstawowych im. Jana Kochanowskiego jest pan <strong>Marek Daniel</strong>.</p>



<p class="has-text-align-left">Dane do kontaktu: <strong>iod-md@tbdsiedlce.pl</strong>, <strong>iod-zz@tbdsiedlce.pl</strong></p>



<ol start="1" class="wp-block-list">
<li>Administratorem Państwa danych osobowych jest:</li>
</ol>



<p><strong>Zespół Szkół Ponadpodstawowych im. Jana Kochanowskiego</strong><br><strong>07-100 Węgrów, ul. Boh. Warszawy 10</strong></p>



<p><strong><em>&nbsp;tel. 25 792 26 76, e-mail :&nbsp;</em></strong>sekretariat@zsp.wegrow.pl</p>



<ol start="2" class="wp-block-list">
<li>Pani/Pana dane osobowe będą przetwarzane w celu prowadzenia spraw związanych ze złożeniem przez Panią/Pana wniosku do Administratora Danych o przyznanie jednorazowego bezzwrotnego świadczenia pieniężnego będącą dofinansowaniem kosztów leczenia ponoszonych przez nauczycieli.</li>



<li>Powiat Węgrowski/Starostwo Powiatowe w Węgrowie gromadzi Państwa dane w celu realizacji zadań wynikających z przepisów prawa:</li>
</ol>



<p>1)&nbsp;&nbsp;&nbsp;&nbsp;&nbsp;&nbsp;Ustawy z dnia 26 stycznia 1982r.- Karta Nauczyciela, (Dz. U. z 2018 poz. 967) –&nbsp;Art. 72.&nbsp; Ust.&nbsp;1</p>



<p>2)&nbsp;&nbsp;&nbsp;&nbsp;&nbsp;&nbsp;Uchwały Nr XIV/139/2016 Rady Powiatu Węgrowskiego z dnia 9 marca 2016 r. w sprawie określenia rodzaju świadczeń przyznawanych w ramach pomocy zdrowotnej dla nauczycieli oraz warunki i sposób ich przyznawania</p>



<ol start="5" class="wp-block-list">
<li>Administrator Danych przetwarza Państwa dane osobowe w ściśle określonym, minimalnym zakresie niezbędnym do osiągnięcia celu, o którym mowa powyżej. </li>



<li>Administrator może przekazać/powierzyć Państwa dane innym instytucjom/podmiotom. Podstawą przekazania/powierzenia danych są przepisy prawa lub właściwie skonstruowane, zapewniające bezpieczeństwo danym osobowym, porozumienia oraz umowy powierzenia danych do przetwarzania przez podmioty świadczące usługi na rzecz Administratora.</li>



<li>Dane osobowe przetwarzane przez Powiat Węgrowski/Starostwo Powiatowe w Węgrowie przechowywane będą przez okres niezbędny do realizacji celu dla jakiego zostały zebrane oraz zgodnie z terminami archiwizacji określonymi przez Rozporządzenie Prezesa Rady Ministrów z dnia 18 stycznia 2011 r. w sprawie instrukcji kancelaryjnej, jednolitych rzeczowych wykazów akt oraz instrukcji w sprawie organizacji i zakresu działania archiwów zakładowych.</li>



<li>Przysługuje Pani/Panu, z wyjątkami zastrzeżonymi przepisami prawa, możliwość:</li>
</ol>



<p>a)&nbsp;&nbsp;&nbsp;&nbsp;&nbsp;&nbsp;dostępu do danych osobowych jej/jego dotyczących,</p>



<p>b)&nbsp;&nbsp;&nbsp;&nbsp;&nbsp;&nbsp;żądania ich sprostowania,</p>



<p>c)&nbsp;&nbsp;&nbsp;&nbsp;&nbsp;&nbsp;&nbsp;usunięcia lub ograniczenia przetwarzania,</p>



<p>d)&nbsp;&nbsp;&nbsp;&nbsp;&nbsp;&nbsp;wniesienia sprzeciwu wobec przetwarzania</p>



<ol start="9" class="wp-block-list">
<li>Z powyższych uprawnień można skorzystać w siedzibie Administratora, pisząc na adres Administratora lub drogą elektroniczną kierując korespondencję na adres: </li>
</ol>



<p><a href="mailto:iod-md@tbdsiedlce.pl">iod-md@tbdsiedlce.pl</a>;&nbsp;&nbsp;<a href="mailto:iod-zz@tbdsiedlce.pl">iod-zz@tbdsiedlce.pl</a></p>



<ol start="10" class="wp-block-list">
<li>Przysługuje Państwu prawo wniesienia skargi do organu nadzorczego na niezgodne z RODO przetwarzanie Państwa danych osobowych przez Powiat Węgrowski/Starostwo Powiatowe w Węgrowie. Organem właściwym dla ww. skargi jest:</li>
</ol>



<p><strong>Prezes Urzędu Ochrony Danych Osobowych, ul. Stawki 2, 00-193 Warszawa</strong></p>



<ol start="11" class="wp-block-list">
<li>Przetwarzanie dane osobowe u Administratora Danych oraz podanie danych osobowych jest wymogiem ustawowym. O szczegółach podstawy gromadzenia danych osobowych, obowiązku lub dobrowolności ich podania oraz potencjalnych konsekwencjach niepodania danych, informowani Państwo będziecie przez merytoryczną komórkę Administratora danych prowadzącą przetwarzanie.</li>
</ol>



<p></p>

<p>Na podstawie art.37 Rozporządzenia Parlamentu Europejskiego i Rady (UE) 2016/679 z&nbsp;dnia 27 kwietnia 2016 r. w sprawie ochrony osób fizycznych w związku z przetwarzaniem danych osobowych i w sprawie swobodnego przepływu takich danych oraz uchyleniem</p>
