{"id":3628,"date":"2019-12-10T14:51:12","date_gmt":"2019-12-10T13:51:12","guid":{"rendered":"http:\/\/zsp.wegrow.pl\/?page_id=3628"},"modified":"2019-12-10T14:51:12","modified_gmt":"2019-12-10T13:51:12","slug":"nabor-na-stanowisko-ksiegowego","status":"publish","type":"page","link":"https:\/\/zsp.wegrow.pl\/index.php\/nabor-na-stanowisko-ksiegowego\/","title":{"rendered":"Nab\u00f3r na stanowisko ksi\u0119gowego"},"content":{"rendered":"\n<div class=\"wp-block-columns has-2-columns is-layout-flex wp-container-core-columns-is-layout-9d6595d7 wp-block-columns-is-layout-flex\">\n<div class=\"wp-block-column is-layout-flow wp-block-column-is-layout-flow\">\n<p><\/p>\n<\/div>\n\n\n\n<div class=\"wp-block-column is-layout-flow wp-block-column-is-layout-flow\">\n<div class=\"wp-block-image\"><figure class=\"alignright\"><figure><a target=\"_blank\" href=\"https:\/\/www.bip.gov.pl\/\" rel=\"noopener noreferrer\"><img data-recalc-dims=\"1\" decoding=\"async\" width=\"244\" height=\"87\" src=\"https:\/\/i0.wp.com\/zsp.wegrow.pl\/wp-content\/uploads\/2019\/05\/logo_glowne.jpg?resize=244%2C87\" alt=\"\" class=\"wp-image-1351\" srcset=\"https:\/\/i0.wp.com\/zsp.wegrow.pl\/wp-content\/uploads\/2019\/05\/logo_glowne.jpg?w=244&amp;ssl=1 244w, https:\/\/i0.wp.com\/zsp.wegrow.pl\/wp-content\/uploads\/2019\/05\/logo_glowne.jpg?resize=150%2C53&amp;ssl=1 150w\" sizes=\"(max-width: 244px) 100vw, 244px\" \/><\/a><\/figure><\/figure><\/div>\n<\/div>\n<\/div>\n\n\n\n<div class=\"wp-block-columns is-layout-flex wp-container-core-columns-is-layout-9d6595d7 wp-block-columns-is-layout-flex\">\n<div class=\"wp-block-column border:3px solid #dd3333 is-layout-flow wp-block-column-is-layout-flow\" style=\"flex-basis:20%\">\n<h3 class=\"wp-block-heading\">Menu<\/h3>\n\n\n\n<ul class=\"wp-block-list\"><li><a href=\"http:\/\/zsp.wegrow.pl\/index.php\/strona-glowna-bip\/\">Strona g\u0142\u00f3wna<\/a><\/li><li><a href=\"http:\/\/zsp.wegrow.pl\/index.php\/oferty-pracy-bip\/\">Oferty pracy<\/a><\/li><li><a href=\"http:\/\/zsp.wegrow.pl\/index.php\/zamowienia-publiczne-bip\/\">Zam\u00f3wienia publiczne<\/a><\/li><li><a href=\"http:\/\/zsp.wegrow.pl\/index.php\/sprawozdania-finansowe-bip\/\">Sprawozdania finansowe<\/a><\/li><li><a href=\"http:\/\/zsp.wegrow.pl\/index.php\/ogloszenia-bip\/\">Og\u0142oszenia<\/a><\/li><li><a href=\"http:\/\/zsp.wegrow.pl\/index.php\/archiwum-bip\/\">Archiwum BIP<\/a><\/li><li><a href=\"http:\/\/zsp.wegrow.pl\/index.php\/instrukcja-bip\/\">Instrukcja<\/a><\/li><\/ul>\n<\/div>\n\n\n\n<div class=\"wp-block-column is-layout-flow wp-block-column-is-layout-flow\" style=\"flex-basis:80%\">\n<h4 class=\"wp-block-heading\"> <strong>Nab\u00f3r na stanowisko ksi\u0119gowego<\/strong> <\/h4>\n\n\n\n<div style=\"height:30px\" aria-hidden=\"true\" class=\"wp-block-spacer\"><\/div>\n\n\n\n<p class=\"has-text-align-center has-medium-font-size\"><strong>Dyrektor Zespo\u0142u Szk\u00f3l Ponadpodstawowych<br>\n&nbsp;im. Jana Kochanowskiego w <\/strong><strong>W\u0119growie<\/strong> <br>\n<strong>og\u0142asza nab\u00f3r na wolne stanowisko pracy<\/strong><\/p>\n\n\n\n<p class=\"has-text-align-center has-medium-font-size\"><strong><em>KSI\u0118GOWY <\/em><\/strong><\/p>\n\n\n\n<p><strong>I. Wymagania niezb\u0119dne: <\/strong><\/p>\n\n\n\n<p>1) obywatelstwo&nbsp; polskie;<\/p>\n\n\n\n<p>2) pe\u0142n\u0105 zdolno\u015b\u0107 do czynno\u015bci\nprawnych oraz korzysta z pe\u0142ni praw publicznych;<\/p>\n\n\n\n<p>3) nie by\u0142a karana za\nprzest\u0119pstwo&nbsp; umy\u015blne \u015bcigane z oskar\u017cenia publicznego lub umy\u015blne przest\u0119pstwo\nskarbowe;<\/p>\n\n\n\n<p>4) wykszta\u0142cenie wy\u017csze ekonomiczne,<\/p>\n\n\n\n<p>5) co najmniej 2 letni sta\u017c pracy,<\/p>\n\n\n\n<p>6) nieposzlakowan\u0105 opini\u0119,<\/p>\n\n\n\n<p><strong>II. Wymagania dodatkowe: <\/strong><\/p>\n\n\n\n<p>1) znajomo\u015b\u0107 przepis\u00f3w z\nzakresu&nbsp; finans\u00f3w publicznych i rachunkowo\u015bci;<\/p>\n\n\n\n<p>2) znajomo\u015b\u0107 przepis\u00f3w&nbsp; ustawy\no samorz\u0105dzie powiatowym i ustawy o pracownikach samorz\u0105dowych;<\/p>\n\n\n\n<p>3) odpowiedzialno\u015b\u0107,\nkomunikatywno\u015b\u0107, odporno\u015b\u0107 na stres;<\/p>\n\n\n\n<p>4) do\u015bwiadczenie zawodowe na\npodobnym stanowisku pracy;<\/p>\n\n\n\n<p>5) znajomo\u015b\u0107 programu ksi\u0119gowego Ksi\u0119gowo\u015b\u0107\nOPTIVUM, Vulcan SIGMA<\/p>\n\n\n\n<p>6) znajomo\u015b\u0107 pakietu office.<\/p>\n\n\n\n<p><strong>III. Zakres wykonywanych zada\u0144 na\nstanowisku: <\/strong><\/p>\n\n\n\n<p>1) Prowadzenie ewidencji ksi\u0119gowej\ndochod\u00f3w i wydatk\u00f3w.<\/p>\n\n\n\n<p>2) Wystawianie faktur.<\/p>\n\n\n\n<p>3) Sporz\u0105dzanie sprawozda\u0144\nbud\u017cetowych.<\/p>\n\n\n\n<p>4) Kompletowanie chronologiczne\ndokument\u00f3w ksi\u0119gowych.<\/p>\n\n\n\n<p><strong>IV. Informacja o warunkach pracy: <\/strong><\/p>\n\n\n\n<p>1)<strong> <\/strong>stanowisko pracy zlokalizowane jest w budynku Zespo\u0142u\nSzk\u00f3\u0142 Ponadpodstawowych im. Jana Kochanowskiego, przy ul. Bohater\u00f3w Warszawy\n10;<\/p>\n\n\n\n<p>2) praca odbywa si\u0119 w systemie\njednozmianowym, w wymiarze 1 etatu;<\/p>\n\n\n\n<p>3) wynagrodzenie zgodne z\nRegulaminem Wynagradzania ;<\/p>\n\n\n\n<p>4) praca biurowa;<\/p>\n\n\n\n<p>5)u\u017cytkowanie sprz\u0119tu biurowego\n(komputer, drukarka, kserokopiarka, niszczarka dokument\u00f3w);<\/p>\n\n\n\n<p>6) praca przy monitorze ekranowym\npowy\u017cej 4 godzin;<\/p>\n\n\n\n<p>7) o\u015bwietlenie naturalne i\nsztuczne; &nbsp; &nbsp;<\/p>\n\n\n\n<p>8) obs\u0142uga klienta zewn\u0119trznego i\nwewn\u0119trznego w tym kontakty bezpo\u015brednie, telefoniczne, mailowe.<\/p>\n\n\n\n<p><strong>V. Wska\u017anik zatrudnienia os\u00f3b niepe\u0142nosprawnych. <\/strong><\/p>\n\n\n\n<p>W\nmiesi\u0105cu poprzedzaj\u0105cym dat\u0119 upublicznienia niniejszego og\u0142oszenia wska\u017anik\nzatrudnienia <br>\nos\u00f3b niepe\u0142nosprawnych w Zespole Szk\u00f3\u0142 Ponadpodstawowych im. Jana Kochanowskiego w <br>\nW\u0119growie w rozumieniu przepis\u00f3w o rehabilitacji zawodowej i spo\u0142ecznej oraz\nzatrudnianiu <br>\nos\u00f3b niepe\u0142nosprawnych,\njest ni\u017cszy ni\u017c 6%. <br><\/p>\n\n\n\n<p><strong>VI. Wymagane dokumenty: <\/strong><\/p>\n\n\n\n<ol class=\"wp-block-list\"><li>list motywacyjny, <\/li><li>kwestionariusz osobowy, <\/li><li>kopie dokument\u00f3w potwierdzaj\u0105cych spe\u0142nienie wymagania w zakresie\nwykszta\u0142cenia, <\/li><li>kopie dokument\u00f3w potwierdzaj\u0105cych spe\u0142nienie wymagania w zakresie\ndo\u015bwiadczenia <br>\nzawodowego\/sta\u017cu pracy,\n<\/li><li>kopie innych dokument\u00f3w potwierdzaj\u0105cych posiadane kwalifikacje i\numiej\u0119tno\u015bci (np. <br>\no uko\u0144czonych kursach, szkoleniach itp.), <\/li><li>o\u015bwiadczenie o pe\u0142nej zdolno\u015bci do czynno\u015bci prawnych i korzystaniu z pe\u0142ni\npraw <br>\npublicznych, <\/li><li>o\u015bwiadczenie o braku skazania prawomocnym wyrokiem s\u0105du za umy\u015blne\nprzest\u0119pstwo <br>\n\u015bcigane z oskar\u017cenia publicznego lub umy\u015blne przest\u0119pstwo skarbowe, <\/li><li>o\u015bwiadczenie o posiadanym obywatelstwie polskim, <\/li><li>o\u015bwiadczenie, \u017ce kandydat wyra\u017ca zgod\u0119 na\nprzetwarzanie swoich danych osobowych, zgodnie z&nbsp; klauzul\u0105:<\/li><\/ol>\n\n\n\n<p><em>\u201eWyra\u017cam\nzgod\u0119 na przetwarzanie moich danych osobowych zawartych w niniejszych\ndokumentach aplikacyjnych dla potrzeb niezb\u0119dnych do realizacji obecnego\nprocesu rekrutacji zgodnie z Rozporz\u0105dzeniem Parlamentu Europejskiego i Rady\n(UE) 2016\/679 z dnia 27 kwietnia 2016 r. w sprawie ochrony os\u00f3b fizycznych w\nzwi\u0105zku z przetwarzaniem danych osobowych i w sprawie swobodnego przep\u0142ywu\ntakich danych oraz uchylenia dyrektywy 95\/46\/WE\u201d<\/em><\/p>\n\n\n\n<p><em>Przyjmuj\u0119 do\nwiadomo\u015bci fakt obowi\u0105zku publikacji w Biuletynie Informacji Publicznej moich\ndanych osobowych zgodnie z wymogami ustawy z dnia 21 listopada 2008r. o\npracownikach samorz\u0105dowych (t.j.Dz. U. z 2018 r. poz. 1260 z p\u00f3\u017an.zm.).<\/em><\/p>\n\n\n\n<ol class=\"wp-block-list\"><li>kserokopia dokumentu potwierdzaj\u0105cego niepe\u0142nosprawno\u015b\u0107* <\/li><\/ol>\n\n\n\n<p>*\nw przypadku osoby niepe\u0142nosprawnej, kt\u00f3ra zamierza skorzysta\u0107 z uprawnienia <br>\nwynikaj\u0105cego z art. 13a ustawy z dnia 21 listopada 2008 r. o pracownikach\nsamorz\u0105dowych <\/p>\n\n\n\n<p><strong>VII. Terminy i miejsce sk\u0142adania dokument\u00f3w: <\/strong><\/p>\n\n\n\n<p>Wymagane\ndokumenty aplikacyjne z dopiskiem &#8222;Nab\u00f3r na wolne stanowisko w ZSP w\nW\u0119growie &#8211; KSI\u0118GOWY&#8221; nale\u017cy sk\u0142ada\u0107 w formie pisemnej w zaklejonych kopertach\nw sekretariacie Zespo\u0142u Szk\u00f3\u0142 Ponadpodstawowych im. Jana Kochanowskiego w W\u0119growie\nlub przes\u0142a\u0107 na adres: <a href=\"mailto:sekretariat@zsp.wegrow.pl\">sekretariat@zsp.wegrow.pl<\/a> do dnia 20.12.2019r. do godziny\n15.00 (o zachowaniu terminu decyduje data wp\u0142ywu oferty do ZSP w W\u0119growie) <\/p>\n\n\n\n<p><strong>VIII. Dane osobowe &#8211; klauzula informacyjna: <\/strong><\/p>\n\n\n\n<p>Dane\nosobowe s\u0105 przetwarzane zgodnie z przepisami rozporz\u0105dzenia Parlamentu <br>\nEuropejskiego i Rady (UE) 2016\/679 z dnia 27 kwietnia 2016 r. w sprawie ochrony\nos\u00f3b <br>\nfizycznych w zwi\u0105zku z przetwarzaniem danych osobowych i w sprawie swobodnego <br>\nprzep\u0142ywu takich danych oraz uchylenia dyrektywy 95\/46\/WE (RODO). <\/p>\n\n\n\n<p>Ka\u017cdy\nkandydat przyst\u0119puj\u0105cy do naboru podaje swoje dane dobrowolnie. Bez podania <br>\nwymaganych danych osobowych nie b\u0119dzie mo\u017cliwy udzia\u0142 w naborze. <\/p>\n\n\n\n<ol class=\"wp-block-list\"><li>Administrator danych i kontakt do niego: Jacek Nowotniak \u2013 dyrektor tel.\n257922676<\/li><li>Kontakt do inspektora ochrony danych: Zbigniew Zegard\u0142o inspektor IOD\nemail: iod-zz@tbdsiedlce.pl<\/li><li>Cel przetwarzania danych: przeprowadzenie\nnaboru na stanowisko pracy w Zespole <br>\nSzk\u00f3\u0142 Ponadpodstawowych im. Jana\nKochanowskiego w W\u0119growie <\/li><li>Informacje o odbiorcach danych: komisja\nrekrutacyjna<\/li><li>Okres przechowywania danych: czas niezb\u0119dny do przeprowadzenia naboru na <br>\nstanowisko pracy w Zespole Szk\u00f3\u0142 Ponadpodstawowych\nim. Jana Kochanowskiego w <br>\nW\u0119growie (z uwzgl\u0119dnieniem 3 miesi\u0119cy, w kt\u00f3rych Dyrektor\nJednostki ma mo\u017cliwo\u015b\u0107 <br>\nwyboru kolejnego wy\u0142onionego kandydata, w przypadku, gdy ponownie zaistnieje <br>\nkonieczno\u015b\u0107 obsadzenia tego samego stanowiska). <\/li><li>Uprawnienia: <\/li><li>prawo \u017c\u0105dania od administratora danych dost\u0119pu do danych, ich sprostowania, <br>\nusuni\u0119cia lub\nograniczenia przetwarzania, wniesienia sprzeciwu wobec <br>\nprzetwarzania tych danych, a tak\u017ce prawo do\nprzeniesienia danych; \u017c\u0105danie w tej <br>\nsprawie mo\u017cna przes\u0142a\u0107 na adres kontaktowy administratora danych, podany <br>\npowy\u017cej, <\/li><li>prawo do wniesienia skargi do organu nadzorczego. <\/li><li>Podstawa prawna przetwarzania danych: art. 221 Kodeksu pracy oraz art. 11 i nast. <br>\nustawy z dnia 21 listopada 2008 r. o pracownikach\nsamorz\u0105dowych w zw. z art. 6 ust. <br>\n1 lit. c RODO. <\/li><li>Inne informacje: podane dane nie b\u0119d\u0105 podstaw\u0105 do zautomatyzowanego <br>\npodejmowania decyzji; nie b\u0119d\u0105 te\u017c profilowane. <\/li><\/ol>\n\n\n\n<p>Zesp\u00f3\u0142\nSzk\u00f3\u0142 Ponadpodstawowych im. Jana Kochanowskiego w W\u0119growie jest pracodawc\u0105 <br>\nr\u00f3wnych szans i wszystkie aplikacje s\u0105 rozwa\u017cane z r\u00f3wn\u0105 uwag\u0105 bez wzgl\u0119du na\np\u0142e\u0107, wiek, <br>\nniepe\u0142nosprawno\u015b\u0107, ras\u0119, narodowo\u015b\u0107, przekonania\npolityczne, przynale\u017cno\u015b\u0107 zwi\u0105zkow\u0105, <br>\npochodzenie etniczne, wyznanie, orientacj\u0119 seksualn\u0105 czy te\u017c jak\u0105kolwiek inn\u0105 cech\u0119 prawnie <br>\nchronion\u0105.<\/p>\n\n\n\n<p>&nbsp;&nbsp;&nbsp;&nbsp;&nbsp; Data og\u0142oszenia: 09.12.2019r.<br><\/p>\n<\/div>\n<\/div>\n\n\n\n<p><\/p>\n","protected":false},"excerpt":{"rendered":"<p>Menu Strona g\u0142\u00f3wna Oferty pracy Zam\u00f3wienia publiczne Sprawozdania finansowe Og\u0142oszenia Archiwum BIP Instrukcja Nab\u00f3r na stanowisko ksi\u0119gowego Dyrektor Zespo\u0142u Szk\u00f3l Ponadpodstawowych &nbsp;im. Jana Kochanowskiego w W\u0119growie og\u0142asza nab\u00f3r na wolne stanowisko pracy KSI\u0118GOWY I. Wymagania<\/p>\n","protected":false},"author":1,"featured_media":0,"parent":0,"menu_order":0,"comment_status":"closed","ping_status":"closed","template":"template-fullwidth.php","meta":{"ngg_post_thumbnail":0,"_themeisle_gutenberg_block_has_review":false,"jetpack_post_was_ever_published":false,"footnotes":""},"class_list":["post-3628","page","type-page","status-publish","hentry"],"jetpack_sharing_enabled":true,"jetpack_shortlink":"https:\/\/wp.me\/PaT2nI-Ww","_links":{"self":[{"href":"https:\/\/zsp.wegrow.pl\/index.php\/wp-json\/wp\/v2\/pages\/3628","targetHints":{"allow":["GET"]}}],"collection":[{"href":"https:\/\/zsp.wegrow.pl\/index.php\/wp-json\/wp\/v2\/pages"}],"about":[{"href":"https:\/\/zsp.wegrow.pl\/index.php\/wp-json\/wp\/v2\/types\/page"}],"author":[{"embeddable":true,"href":"https:\/\/zsp.wegrow.pl\/index.php\/wp-json\/wp\/v2\/users\/1"}],"replies":[{"embeddable":true,"href":"https:\/\/zsp.wegrow.pl\/index.php\/wp-json\/wp\/v2\/comments?post=3628"}],"version-history":[{"count":5,"href":"https:\/\/zsp.wegrow.pl\/index.php\/wp-json\/wp\/v2\/pages\/3628\/revisions"}],"predecessor-version":[{"id":3633,"href":"https:\/\/zsp.wegrow.pl\/index.php\/wp-json\/wp\/v2\/pages\/3628\/revisions\/3633"}],"wp:attachment":[{"href":"https:\/\/zsp.wegrow.pl\/index.php\/wp-json\/wp\/v2\/media?parent=3628"}],"curies":[{"name":"wp","href":"https:\/\/api.w.org\/{rel}","templated":true}]}}