{"id":4817,"date":"2020-06-21T23:21:52","date_gmt":"2020-06-21T21:21:52","guid":{"rendered":"http:\/\/zsp.wegrow.pl\/?page_id=4817"},"modified":"2024-04-17T09:59:30","modified_gmt":"2024-04-17T07:59:30","slug":"oferty-pracy","status":"publish","type":"page","link":"https:\/\/zsp.wegrow.pl\/index.php\/oferty-pracy\/","title":{"rendered":"Oferty pracy"},"content":{"rendered":"\n<h4 class=\"wp-block-heading has-text-align-center\">Poni\u017cej zamieszczamy oferty pracy dla naszych absolwent\u00f3w oraz uczni\u00f3w Zespo\u0142u Szk\u00f3\u0142 Ponadpodstawowych im. Jana Kochanowskiego w W\u0119growie.<\/h4>\n\n\n\n<p class=\"has-text-align-center\">Firmy zainteresowane zamieszczeniem, aktualizacj\u0105 og\u0142osze\u0144 prosimy o kontakt <\/p>\n\n\n\n<p class=\"has-text-align-center\" style=\"font-size:22px\"><a href=\"mailto:sekretariat@zsp.wegrow.pl\">sekretariat@zsp.wegrow.pl<\/a><\/p>\n\n\n\n<p class=\"has-text-align-center\">Zastrzegamy sobie prawo do selekcji nades\u0142anych og\u0142osze\u0144.<\/p>\n\n\n\n<div style=\"height:30px\" aria-hidden=\"true\" class=\"wp-block-spacer\"><\/div>\n\n\n\n<hr class=\"wp-block-separator has-text-color has-black-color has-alpha-channel-opacity has-black-background-color has-background is-style-wide\"\/>\n\n\n\n<div style=\"height:50px\" aria-hidden=\"true\" class=\"wp-block-spacer\"><\/div>\n\n\n\n<figure data-wp-context=\"{&quot;imageId&quot;:&quot;69e56310aa948&quot;}\" data-wp-interactive=\"core\/image\" data-wp-key=\"69e56310aa948\" class=\"wp-block-image size-large wp-lightbox-container\"><img data-recalc-dims=\"1\" fetchpriority=\"high\" decoding=\"async\" width=\"840\" height=\"473\" data-wp-class--hide=\"state.isContentHidden\" data-wp-class--show=\"state.isContentVisible\" data-wp-init=\"callbacks.setButtonStyles\" data-wp-on--click=\"actions.showLightbox\" data-wp-on--load=\"callbacks.setButtonStyles\" data-wp-on-window--resize=\"callbacks.setButtonStyles\" src=\"https:\/\/i0.wp.com\/zsp.wegrow.pl\/wp-content\/uploads\/2024\/04\/praca-dodatkowa.jpg?resize=840%2C473&#038;ssl=1\" alt=\"\" class=\"wp-image-14915\" srcset=\"https:\/\/i0.wp.com\/zsp.wegrow.pl\/wp-content\/uploads\/2024\/04\/praca-dodatkowa.jpg?resize=1024%2C576&amp;ssl=1 1024w, https:\/\/i0.wp.com\/zsp.wegrow.pl\/wp-content\/uploads\/2024\/04\/praca-dodatkowa.jpg?resize=300%2C169&amp;ssl=1 300w, https:\/\/i0.wp.com\/zsp.wegrow.pl\/wp-content\/uploads\/2024\/04\/praca-dodatkowa.jpg?resize=150%2C84&amp;ssl=1 150w, https:\/\/i0.wp.com\/zsp.wegrow.pl\/wp-content\/uploads\/2024\/04\/praca-dodatkowa.jpg?resize=768%2C432&amp;ssl=1 768w, https:\/\/i0.wp.com\/zsp.wegrow.pl\/wp-content\/uploads\/2024\/04\/praca-dodatkowa.jpg?resize=24%2C14&amp;ssl=1 24w, https:\/\/i0.wp.com\/zsp.wegrow.pl\/wp-content\/uploads\/2024\/04\/praca-dodatkowa.jpg?resize=36%2C20&amp;ssl=1 36w, https:\/\/i0.wp.com\/zsp.wegrow.pl\/wp-content\/uploads\/2024\/04\/praca-dodatkowa.jpg?resize=48%2C27&amp;ssl=1 48w, https:\/\/i0.wp.com\/zsp.wegrow.pl\/wp-content\/uploads\/2024\/04\/praca-dodatkowa.jpg?w=1280&amp;ssl=1 1280w\" sizes=\"(max-width: 840px) 100vw, 840px\" \/><button\n\t\t\tclass=\"lightbox-trigger\"\n\t\t\ttype=\"button\"\n\t\t\taria-haspopup=\"dialog\"\n\t\t\taria-label=\"Powi\u0119ksz\"\n\t\t\tdata-wp-init=\"callbacks.initTriggerButton\"\n\t\t\tdata-wp-on--click=\"actions.showLightbox\"\n\t\t\tdata-wp-style--right=\"state.imageButtonRight\"\n\t\t\tdata-wp-style--top=\"state.imageButtonTop\"\n\t\t>\n\t\t\t<svg xmlns=\"http:\/\/www.w3.org\/2000\/svg\" width=\"12\" height=\"12\" fill=\"none\" viewBox=\"0 0 12 12\">\n\t\t\t\t<path fill=\"#fff\" d=\"M2 0a2 2 0 0 0-2 2v2h1.5V2a.5.5 0 0 1 .5-.5h2V0H2Zm2 10.5H2a.5.5 0 0 1-.5-.5V8H0v2a2 2 0 0 0 2 2h2v-1.5ZM8 12v-1.5h2a.5.5 0 0 0 .5-.5V8H12v2a2 2 0 0 1-2 2H8Zm2-12a2 2 0 0 1 2 2v2h-1.5V2a.5.5 0 0 0-.5-.5H8V0h2Z\" \/>\n\t\t\t<\/svg>\n\t\t<\/button><\/figure>\n\n\n\n<div style=\"height:50px\" aria-hidden=\"true\" class=\"wp-block-spacer\"><\/div>\n\n\n\n<hr class=\"wp-block-separator has-text-color has-black-color has-css-opacity has-black-background-color has-background is-style-default\"\/>\n\n\n<div class=\"wp-block-image\">\n<figure class=\"aligncenter size-large\"><img data-recalc-dims=\"1\" decoding=\"async\" width=\"220\" height=\"220\" src=\"https:\/\/i0.wp.com\/zsp.wegrow.pl\/wp-content\/uploads\/2019\/06\/fabryka-mebli-mlmeble-logo.png?resize=220%2C220\" alt=\"\" class=\"wp-image-1988\" srcset=\"https:\/\/i0.wp.com\/zsp.wegrow.pl\/wp-content\/uploads\/2019\/06\/fabryka-mebli-mlmeble-logo.png?w=220&amp;ssl=1 220w, https:\/\/i0.wp.com\/zsp.wegrow.pl\/wp-content\/uploads\/2019\/06\/fabryka-mebli-mlmeble-logo.png?resize=150%2C150&amp;ssl=1 150w\" sizes=\"(max-width: 220px) 100vw, 220px\" \/><\/figure>\n<\/div>\n\n\n<figure class=\"wp-block-gallery aligncenter has-nested-images columns-default is-cropped wp-block-gallery-1 is-layout-flex wp-block-gallery-is-layout-flex\">\n<figure class=\"wp-block-image size-full\"><a href=\"https:\/\/i0.wp.com\/zsp.wegrow.pl\/wp-content\/uploads\/2020\/06\/GRAFIK-Og%C5%82oszenie-szko%C5%82a-1.jpg?ssl=1\"><img data-recalc-dims=\"1\" decoding=\"async\" width=\"840\" height=\"1189\" data-id=\"4819\" src=\"https:\/\/i0.wp.com\/zsp.wegrow.pl\/wp-content\/uploads\/2020\/06\/GRAFIK-Og%C5%82oszenie-szko%C5%82a-1.jpg?resize=840%2C1189&#038;ssl=1\" alt=\"\" class=\"wp-image-4819\" srcset=\"https:\/\/i0.wp.com\/zsp.wegrow.pl\/wp-content\/uploads\/2020\/06\/GRAFIK-Og%C5%82oszenie-szko%C5%82a-1.jpg?w=1000&amp;ssl=1 1000w, https:\/\/i0.wp.com\/zsp.wegrow.pl\/wp-content\/uploads\/2020\/06\/GRAFIK-Og%C5%82oszenie-szko%C5%82a-1.jpg?resize=212%2C300&amp;ssl=1 212w, https:\/\/i0.wp.com\/zsp.wegrow.pl\/wp-content\/uploads\/2020\/06\/GRAFIK-Og%C5%82oszenie-szko%C5%82a-1.jpg?resize=724%2C1024&amp;ssl=1 724w, https:\/\/i0.wp.com\/zsp.wegrow.pl\/wp-content\/uploads\/2020\/06\/GRAFIK-Og%C5%82oszenie-szko%C5%82a-1.jpg?resize=106%2C150&amp;ssl=1 106w, https:\/\/i0.wp.com\/zsp.wegrow.pl\/wp-content\/uploads\/2020\/06\/GRAFIK-Og%C5%82oszenie-szko%C5%82a-1.jpg?resize=768%2C1087&amp;ssl=1 768w\" sizes=\"(max-width: 840px) 100vw, 840px\" \/><\/a><\/figure>\n\n\n\n<figure class=\"wp-block-image size-full\"><a href=\"https:\/\/i0.wp.com\/zsp.wegrow.pl\/wp-content\/uploads\/2020\/06\/INFORMATYK-Og%C5%82oszenie-szko%C5%82a-1.jpg?ssl=1\"><img data-recalc-dims=\"1\" loading=\"lazy\" decoding=\"async\" width=\"840\" height=\"1189\" data-id=\"4821\" src=\"https:\/\/i0.wp.com\/zsp.wegrow.pl\/wp-content\/uploads\/2020\/06\/INFORMATYK-Og%C5%82oszenie-szko%C5%82a-1.jpg?resize=840%2C1189&#038;ssl=1\" alt=\"\" class=\"wp-image-4821\" srcset=\"https:\/\/i0.wp.com\/zsp.wegrow.pl\/wp-content\/uploads\/2020\/06\/INFORMATYK-Og%C5%82oszenie-szko%C5%82a-1.jpg?w=1000&amp;ssl=1 1000w, https:\/\/i0.wp.com\/zsp.wegrow.pl\/wp-content\/uploads\/2020\/06\/INFORMATYK-Og%C5%82oszenie-szko%C5%82a-1.jpg?resize=212%2C300&amp;ssl=1 212w, https:\/\/i0.wp.com\/zsp.wegrow.pl\/wp-content\/uploads\/2020\/06\/INFORMATYK-Og%C5%82oszenie-szko%C5%82a-1.jpg?resize=724%2C1024&amp;ssl=1 724w, https:\/\/i0.wp.com\/zsp.wegrow.pl\/wp-content\/uploads\/2020\/06\/INFORMATYK-Og%C5%82oszenie-szko%C5%82a-1.jpg?resize=106%2C150&amp;ssl=1 106w, https:\/\/i0.wp.com\/zsp.wegrow.pl\/wp-content\/uploads\/2020\/06\/INFORMATYK-Og%C5%82oszenie-szko%C5%82a-1.jpg?resize=768%2C1087&amp;ssl=1 768w\" sizes=\"(max-width: 840px) 100vw, 840px\" \/><\/a><\/figure>\n\n\n\n<figure class=\"wp-block-image size-full\"><a href=\"https:\/\/i0.wp.com\/zsp.wegrow.pl\/wp-content\/uploads\/2020\/06\/PRODUKCJA-Og%C5%82oszenie-szko%C5%82a-1.jpg?ssl=1\"><img data-recalc-dims=\"1\" loading=\"lazy\" decoding=\"async\" width=\"840\" height=\"1189\" data-id=\"4823\" src=\"https:\/\/i0.wp.com\/zsp.wegrow.pl\/wp-content\/uploads\/2020\/06\/PRODUKCJA-Og%C5%82oszenie-szko%C5%82a-1.jpg?resize=840%2C1189&#038;ssl=1\" alt=\"\" class=\"wp-image-4823\" srcset=\"https:\/\/i0.wp.com\/zsp.wegrow.pl\/wp-content\/uploads\/2020\/06\/PRODUKCJA-Og%C5%82oszenie-szko%C5%82a-1.jpg?w=1000&amp;ssl=1 1000w, https:\/\/i0.wp.com\/zsp.wegrow.pl\/wp-content\/uploads\/2020\/06\/PRODUKCJA-Og%C5%82oszenie-szko%C5%82a-1.jpg?resize=212%2C300&amp;ssl=1 212w, https:\/\/i0.wp.com\/zsp.wegrow.pl\/wp-content\/uploads\/2020\/06\/PRODUKCJA-Og%C5%82oszenie-szko%C5%82a-1.jpg?resize=724%2C1024&amp;ssl=1 724w, https:\/\/i0.wp.com\/zsp.wegrow.pl\/wp-content\/uploads\/2020\/06\/PRODUKCJA-Og%C5%82oszenie-szko%C5%82a-1.jpg?resize=106%2C150&amp;ssl=1 106w, https:\/\/i0.wp.com\/zsp.wegrow.pl\/wp-content\/uploads\/2020\/06\/PRODUKCJA-Og%C5%82oszenie-szko%C5%82a-1.jpg?resize=768%2C1087&amp;ssl=1 768w\" sizes=\"(max-width: 840px) 100vw, 840px\" \/><\/a><\/figure>\n<\/figure>\n\n\n\n<div style=\"height:30px\" aria-hidden=\"true\" class=\"wp-block-spacer\"><\/div>\n\n\n\n<hr class=\"wp-block-separator has-text-color has-black-color has-css-opacity has-black-background-color has-background\"\/>\n\n\n<div class=\"wp-block-image\">\n<figure class=\"aligncenter size-full\"><img data-recalc-dims=\"1\" loading=\"lazy\" decoding=\"async\" width=\"512\" height=\"307\" src=\"https:\/\/i0.wp.com\/zsp.wegrow.pl\/wp-content\/uploads\/2020\/06\/policja.jpg?resize=512%2C307\" alt=\"\" class=\"wp-image-4824\" srcset=\"https:\/\/i0.wp.com\/zsp.wegrow.pl\/wp-content\/uploads\/2020\/06\/policja.jpg?w=512&amp;ssl=1 512w, https:\/\/i0.wp.com\/zsp.wegrow.pl\/wp-content\/uploads\/2020\/06\/policja.jpg?resize=300%2C180&amp;ssl=1 300w, https:\/\/i0.wp.com\/zsp.wegrow.pl\/wp-content\/uploads\/2020\/06\/policja.jpg?resize=150%2C90&amp;ssl=1 150w\" sizes=\"(max-width: 512px) 100vw, 512px\" \/><\/figure>\n<\/div>\n\n\n<div class=\"wp-block-file\"><a href=\"http:\/\/zsp.wegrow.pl\/wp-content\/uploads\/2020\/06\/informacje-o-naborze-do-Policji.pdf\" target=\"_blank\" rel=\"noreferrer noopener\">Informacje o naborze do Policji<\/a><a href=\"http:\/\/zsp.wegrow.pl\/wp-content\/uploads\/2020\/06\/informacje-o-naborze-do-Policji.pdf\" class=\"wp-block-file__button wp-element-button\" download>Pobierz<\/a><\/div>\n\n\n\n<div class=\"wp-block-file\"><a href=\"http:\/\/zsp.wegrow.pl\/wp-content\/uploads\/2020\/06\/Informacje-o-Policji.pdf\" target=\"_blank\" rel=\"noreferrer noopener\">Informacje o Policji<\/a><a href=\"http:\/\/zsp.wegrow.pl\/wp-content\/uploads\/2020\/06\/Informacje-o-Policji.pdf\" class=\"wp-block-file__button wp-element-button\" download>Pobierz<\/a><\/div>\n\n\n\n<div class=\"wp-block-file\"><a href=\"http:\/\/zsp.wegrow.pl\/wp-content\/uploads\/2020\/06\/Oferta_studiow_Nauka_o_Policji_WSPol__Szczytno1.pdf\" target=\"_blank\" rel=\"noreferrer noopener\">Oferta studi\u00f3w Nauka o Policji WSPol Szczytno<\/a><a href=\"http:\/\/zsp.wegrow.pl\/wp-content\/uploads\/2020\/06\/Oferta_studiow_Nauka_o_Policji_WSPol__Szczytno1.pdf\" class=\"wp-block-file__button wp-element-button\" download>Pobierz<\/a><\/div>\n\n\n\n<figure class=\"wp-block-video aligncenter\"><video height=\"360\" style=\"aspect-ratio: 640 \/ 360;\" width=\"640\" controls src=\"http:\/\/zsp.wegrow.pl\/wp-content\/uploads\/2020\/06\/271-39005-1.mp4\"><\/video><\/figure>\n\n\n\n<div style=\"height:30px\" aria-hidden=\"true\" class=\"wp-block-spacer\"><\/div>\n\n\n\n<hr class=\"wp-block-separator has-text-color has-black-color has-css-opacity has-black-background-color has-background\"\/>\n\n\n<div class=\"wp-block-image\">\n<figure class=\"aligncenter size-large is-resized\"><img data-recalc-dims=\"1\" loading=\"lazy\" decoding=\"async\" width=\"300\" height=\"387\" src=\"https:\/\/i0.wp.com\/zsp.wegrow.pl\/wp-content\/uploads\/2020\/06\/logo_PSP_m.jpg?resize=300%2C387\" alt=\"\" class=\"wp-image-4837\" style=\"width:300px;height:387px\" srcset=\"https:\/\/i0.wp.com\/zsp.wegrow.pl\/wp-content\/uploads\/2020\/06\/logo_PSP_m.jpg?w=300&amp;ssl=1 300w, https:\/\/i0.wp.com\/zsp.wegrow.pl\/wp-content\/uploads\/2020\/06\/logo_PSP_m.jpg?resize=233%2C300&amp;ssl=1 233w, https:\/\/i0.wp.com\/zsp.wegrow.pl\/wp-content\/uploads\/2020\/06\/logo_PSP_m.jpg?resize=116%2C150&amp;ssl=1 116w\" sizes=\"(max-width: 300px) 100vw, 300px\" \/><\/figure>\n<\/div>\n\n\n<p class=\"has-text-align-center\" style=\"font-size:22px\"><a href=\"https:\/\/www.straz.gov.pl\/praca\/index\" target=\"_blank\" rel=\"noreferrer noopener\">https:\/\/www.straz.gov.pl\/praca\/index<\/a><br><br><a rel=\"noreferrer noopener\" href=\"http:\/\/kgpsp.bip.gov.pl\/praca\/\" target=\"_blank\">http:\/\/kgpsp.bip.gov.pl\/praca\/<\/a><\/p>\n","protected":false},"excerpt":{"rendered":"<p>Poni\u017cej zamieszczamy oferty pracy dla naszych absolwent\u00f3w oraz uczni\u00f3w Zespo\u0142u Szk\u00f3\u0142 Ponadpodstawowych im. Jana Kochanowskiego w W\u0119growie. Firmy zainteresowane zamieszczeniem, aktualizacj\u0105 og\u0142osze\u0144 prosimy o kontakt sekretariat@zsp.wegrow.pl Zastrzegamy sobie prawo do selekcji nades\u0142anych og\u0142osze\u0144. https:\/\/www.straz.gov.pl\/praca\/index http:\/\/kgpsp.bip.gov.pl\/praca\/<\/p>\n","protected":false},"author":1,"featured_media":4834,"parent":0,"menu_order":0,"comment_status":"closed","ping_status":"closed","template":"template-centered.php","meta":{"ngg_post_thumbnail":0,"_themeisle_gutenberg_block_has_review":false,"jetpack_post_was_ever_published":false,"footnotes":""},"class_list":["post-4817","page","type-page","status-publish","has-post-thumbnail","hentry"],"jetpack_sharing_enabled":true,"jetpack_shortlink":"https:\/\/wp.me\/PaT2nI-1fH","_links":{"self":[{"href":"https:\/\/zsp.wegrow.pl\/index.php\/wp-json\/wp\/v2\/pages\/4817","targetHints":{"allow":["GET"]}}],"collection":[{"href":"https:\/\/zsp.wegrow.pl\/index.php\/wp-json\/wp\/v2\/pages"}],"about":[{"href":"https:\/\/zsp.wegrow.pl\/index.php\/wp-json\/wp\/v2\/types\/page"}],"author":[{"embeddable":true,"href":"https:\/\/zsp.wegrow.pl\/index.php\/wp-json\/wp\/v2\/users\/1"}],"replies":[{"embeddable":true,"href":"https:\/\/zsp.wegrow.pl\/index.php\/wp-json\/wp\/v2\/comments?post=4817"}],"version-history":[{"count":9,"href":"https:\/\/zsp.wegrow.pl\/index.php\/wp-json\/wp\/v2\/pages\/4817\/revisions"}],"predecessor-version":[{"id":14916,"href":"https:\/\/zsp.wegrow.pl\/index.php\/wp-json\/wp\/v2\/pages\/4817\/revisions\/14916"}],"wp:featuredmedia":[{"embeddable":true,"href":"https:\/\/zsp.wegrow.pl\/index.php\/wp-json\/wp\/v2\/media\/4834"}],"wp:attachment":[{"href":"https:\/\/zsp.wegrow.pl\/index.php\/wp-json\/wp\/v2\/media?parent=4817"}],"curies":[{"name":"wp","href":"https:\/\/api.w.org\/{rel}","templated":true}]}}