{"id":7392,"date":"2022-03-22T08:30:51","date_gmt":"2022-03-22T07:30:51","guid":{"rendered":"https:\/\/zsp.wegrow.pl\/?page_id=7392"},"modified":"2023-06-05T22:41:43","modified_gmt":"2023-06-05T20:41:43","slug":"projekty","status":"publish","type":"page","link":"https:\/\/zsp.wegrow.pl\/index.php\/projekty\/","title":{"rendered":"Projekty"},"content":{"rendered":"\n<div style=\"height:50px\" aria-hidden=\"true\" class=\"wp-block-spacer\"><\/div>\n\n\n\n<figure class=\"wp-block-embed aligncenter is-type-wp-embed is-provider-zespol-szkol-ponadpodstawowych wp-block-embed-zespol-szkol-ponadpodstawowych\"><div class=\"wp-block-embed__wrapper\">\n<blockquote class=\"wp-embedded-content\" data-secret=\"wtVTQY3Z8t\"><a href=\"https:\/\/zsp.wegrow.pl\/index.php\/projekt-szkola-z-duchem-czasu\/\">Projekt \u201eSZKO\u0141A z DUCHEM CZASU\u201d<\/a><\/blockquote><iframe class=\"wp-embedded-content\" sandbox=\"allow-scripts\" security=\"restricted\" style=\"position: absolute; clip: rect(1px, 1px, 1px, 1px);\" title=\"&#8222;Projekt \u201eSZKO\u0141A z DUCHEM CZASU\u201d&#8221; &#8212; Zesp\u00f3\u0142 Szk\u00f3\u0142 Ponadpodstawowych\" src=\"https:\/\/zsp.wegrow.pl\/index.php\/projekt-szkola-z-duchem-czasu\/embed\/#?secret=Bka8ckMoVm#?secret=wtVTQY3Z8t\" data-secret=\"wtVTQY3Z8t\" width=\"600\" height=\"338\" frameborder=\"0\" marginwidth=\"0\" marginheight=\"0\" scrolling=\"no\"><\/iframe>\n<\/div><\/figure>\n\n\n\n<div style=\"height:50px\" aria-hidden=\"true\" class=\"wp-block-spacer\"><\/div>\n\n\n\n<hr class=\"wp-block-separator has-text-color has-black-color has-alpha-channel-opacity has-black-background-color has-background is-style-wide\"\/>\n\n\n\n<div style=\"height:50px\" aria-hidden=\"true\" class=\"wp-block-spacer\"><\/div>\n\n\n<div class=\"wp-block-image\">\n<figure class=\"aligncenter size-full\"><img data-recalc-dims=\"1\" fetchpriority=\"high\" decoding=\"async\" width=\"840\" height=\"148\" src=\"https:\/\/i0.wp.com\/zsp.wegrow.pl\/wp-content\/uploads\/2021\/12\/projekt_o.jpg?resize=840%2C148\" alt=\"\" class=\"wp-image-7070\" srcset=\"https:\/\/i0.wp.com\/zsp.wegrow.pl\/wp-content\/uploads\/2021\/12\/projekt_o.jpg?w=850&amp;ssl=1 850w, https:\/\/i0.wp.com\/zsp.wegrow.pl\/wp-content\/uploads\/2021\/12\/projekt_o.jpg?resize=300%2C53&amp;ssl=1 300w, https:\/\/i0.wp.com\/zsp.wegrow.pl\/wp-content\/uploads\/2021\/12\/projekt_o.jpg?resize=150%2C26&amp;ssl=1 150w, https:\/\/i0.wp.com\/zsp.wegrow.pl\/wp-content\/uploads\/2021\/12\/projekt_o.jpg?resize=768%2C136&amp;ssl=1 768w, https:\/\/i0.wp.com\/zsp.wegrow.pl\/wp-content\/uploads\/2021\/12\/projekt_o.jpg?resize=24%2C4&amp;ssl=1 24w, https:\/\/i0.wp.com\/zsp.wegrow.pl\/wp-content\/uploads\/2021\/12\/projekt_o.jpg?resize=36%2C6&amp;ssl=1 36w, https:\/\/i0.wp.com\/zsp.wegrow.pl\/wp-content\/uploads\/2021\/12\/projekt_o.jpg?resize=48%2C8&amp;ssl=1 48w\" sizes=\"(max-width: 840px) 100vw, 840px\" \/><\/figure>\n<\/div>\n\n\n<p class=\"has-text-align-center\"><a href=\"https:\/\/zsp.wegrow.pl\/index.php\/projekt-pilotazowe-wdrozenie-modelu-specjalistycznych-centrow-wspierajacych-edukacje-wlaczajaca-scwew\/\">Projekt &#8211; \u201ePilota\u017cowe wdro\u017cenie modelu Specjalistycznych Centr\u00f3w Wspieraj\u0105cych Edukacj\u0119 W\u0142\u0105czaj\u0105c\u0105 (SCWEW)&#8221;<\/a><\/p>\n\n\n\n<div style=\"height:50px\" aria-hidden=\"true\" class=\"wp-block-spacer\"><\/div>\n\n\n\n<hr class=\"wp-block-separator has-text-color has-black-color has-alpha-channel-opacity has-black-background-color has-background is-style-wide\"\/>\n\n\n\n<div style=\"height:50px\" aria-hidden=\"true\" class=\"wp-block-spacer\"><\/div>\n\n\n\n<figure class=\"wp-block-image size-full\"><img data-recalc-dims=\"1\" decoding=\"async\" width=\"737\" height=\"123\" src=\"https:\/\/i0.wp.com\/zsp.wegrow.pl\/wp-content\/uploads\/2019\/09\/logo-projekt.png?resize=737%2C123&#038;ssl=1\" alt=\"\" class=\"wp-image-2274\" srcset=\"https:\/\/i0.wp.com\/zsp.wegrow.pl\/wp-content\/uploads\/2019\/09\/logo-projekt.png?w=737&amp;ssl=1 737w, https:\/\/i0.wp.com\/zsp.wegrow.pl\/wp-content\/uploads\/2019\/09\/logo-projekt.png?resize=150%2C25&amp;ssl=1 150w, https:\/\/i0.wp.com\/zsp.wegrow.pl\/wp-content\/uploads\/2019\/09\/logo-projekt.png?resize=300%2C50&amp;ssl=1 300w\" sizes=\"(max-width: 737px) 100vw, 737px\" \/><\/figure>\n\n\n\n<p class=\"has-text-align-center\"><a href=\"https:\/\/zsp.wegrow.pl\/index.php\/nowa-jakosc-ksztalcenia-zawodowego-w-powiecie-wegrowskim\/\" data-type=\"page\" data-id=\"11710\">Nowa jako\u015b\u0107 kszta\u0142cenia zawodowego w Powiecie W\u0119growskim<\/a><\/p>\n\n\n\n<div style=\"height:50px\" aria-hidden=\"true\" class=\"wp-block-spacer\"><\/div>\n","protected":false},"excerpt":{"rendered":"<p>Projekt &#8211; \u201ePilota\u017cowe wdro\u017cenie modelu Specjalistycznych Centr\u00f3w Wspieraj\u0105cych Edukacj\u0119 W\u0142\u0105czaj\u0105c\u0105 (SCWEW)&#8221; Nowa jako\u015b\u0107 kszta\u0142cenia zawodowego w Powiecie W\u0119growskim<\/p>\n","protected":false},"author":1,"featured_media":0,"parent":0,"menu_order":0,"comment_status":"closed","ping_status":"closed","template":"template-centered.php","meta":{"ngg_post_thumbnail":0,"_themeisle_gutenberg_block_has_review":false,"jetpack_post_was_ever_published":false,"footnotes":""},"class_list":["post-7392","page","type-page","status-publish","hentry"],"jetpack_sharing_enabled":true,"jetpack_shortlink":"https:\/\/wp.me\/PaT2nI-1Ve","_links":{"self":[{"href":"https:\/\/zsp.wegrow.pl\/index.php\/wp-json\/wp\/v2\/pages\/7392","targetHints":{"allow":["GET"]}}],"collection":[{"href":"https:\/\/zsp.wegrow.pl\/index.php\/wp-json\/wp\/v2\/pages"}],"about":[{"href":"https:\/\/zsp.wegrow.pl\/index.php\/wp-json\/wp\/v2\/types\/page"}],"author":[{"embeddable":true,"href":"https:\/\/zsp.wegrow.pl\/index.php\/wp-json\/wp\/v2\/users\/1"}],"replies":[{"embeddable":true,"href":"https:\/\/zsp.wegrow.pl\/index.php\/wp-json\/wp\/v2\/comments?post=7392"}],"version-history":[{"count":6,"href":"https:\/\/zsp.wegrow.pl\/index.php\/wp-json\/wp\/v2\/pages\/7392\/revisions"}],"predecessor-version":[{"id":11716,"href":"https:\/\/zsp.wegrow.pl\/index.php\/wp-json\/wp\/v2\/pages\/7392\/revisions\/11716"}],"wp:attachment":[{"href":"https:\/\/zsp.wegrow.pl\/index.php\/wp-json\/wp\/v2\/media?parent=7392"}],"curies":[{"name":"wp","href":"https:\/\/api.w.org\/{rel}","templated":true}]}}

<div style="height:50px" aria-hidden="true" class="wp-block-spacer"></div>



<figure class="wp-block-embed aligncenter is-type-wp-embed is-provider-zespol-szkol-ponadpodstawowych wp-block-embed-zespol-szkol-ponadpodstawowych"><div class="wp-block-embed__wrapper">
<blockquote class="wp-embedded-content" data-secret="wtVTQY3Z8t"><a href="https://zsp.wegrow.pl/index.php/projekt-szkola-z-duchem-czasu/">Projekt „SZKOŁA z DUCHEM CZASU”</a></blockquote><iframe class="wp-embedded-content" sandbox="allow-scripts" security="restricted" style="position: absolute; clip: rect(1px, 1px, 1px, 1px);" title="&#8222;Projekt „SZKOŁA z DUCHEM CZASU”&#8221; &#8212; Zespół Szkół Ponadpodstawowych" src="https://zsp.wegrow.pl/index.php/projekt-szkola-z-duchem-czasu/embed/#?secret=Bka8ckMoVm#?secret=wtVTQY3Z8t" data-secret="wtVTQY3Z8t" width="600" height="338" frameborder="0" marginwidth="0" marginheight="0" scrolling="no"></iframe>
</div></figure>



<div style="height:50px" aria-hidden="true" class="wp-block-spacer"></div>



<hr class="wp-block-separator has-text-color has-black-color has-alpha-channel-opacity has-black-background-color has-background is-style-wide"/>



<div style="height:50px" aria-hidden="true" class="wp-block-spacer"></div>


<div class="wp-block-image">
<figure class="aligncenter size-full"><img data-recalc-dims="1" fetchpriority="high" decoding="async" width="840" height="148" src="https://i0.wp.com/zsp.wegrow.pl/wp-content/uploads/2021/12/projekt_o.jpg?resize=840%2C148" alt="" class="wp-image-7070" srcset="https://i0.wp.com/zsp.wegrow.pl/wp-content/uploads/2021/12/projekt_o.jpg?w=850&amp;ssl=1 850w, https://i0.wp.com/zsp.wegrow.pl/wp-content/uploads/2021/12/projekt_o.jpg?resize=300%2C53&amp;ssl=1 300w, https://i0.wp.com/zsp.wegrow.pl/wp-content/uploads/2021/12/projekt_o.jpg?resize=150%2C26&amp;ssl=1 150w, https://i0.wp.com/zsp.wegrow.pl/wp-content/uploads/2021/12/projekt_o.jpg?resize=768%2C136&amp;ssl=1 768w, https://i0.wp.com/zsp.wegrow.pl/wp-content/uploads/2021/12/projekt_o.jpg?resize=24%2C4&amp;ssl=1 24w, https://i0.wp.com/zsp.wegrow.pl/wp-content/uploads/2021/12/projekt_o.jpg?resize=36%2C6&amp;ssl=1 36w, https://i0.wp.com/zsp.wegrow.pl/wp-content/uploads/2021/12/projekt_o.jpg?resize=48%2C8&amp;ssl=1 48w" sizes="(max-width: 840px) 100vw, 840px" /></figure>
</div>


<p class="has-text-align-center"><a href="https://zsp.wegrow.pl/index.php/projekt-pilotazowe-wdrozenie-modelu-specjalistycznych-centrow-wspierajacych-edukacje-wlaczajaca-scwew/">Projekt &#8211; „Pilotażowe wdrożenie modelu Specjalistycznych Centrów Wspierających Edukację Włączającą (SCWEW)&#8221;</a></p>



<div style="height:50px" aria-hidden="true" class="wp-block-spacer"></div>



<hr class="wp-block-separator has-text-color has-black-color has-alpha-channel-opacity has-black-background-color has-background is-style-wide"/>



<div style="height:50px" aria-hidden="true" class="wp-block-spacer"></div>



<figure class="wp-block-image size-full"><img data-recalc-dims="1" decoding="async" width="737" height="123" src="https://i0.wp.com/zsp.wegrow.pl/wp-content/uploads/2019/09/logo-projekt.png?resize=737%2C123&#038;ssl=1" alt="" class="wp-image-2274" srcset="https://i0.wp.com/zsp.wegrow.pl/wp-content/uploads/2019/09/logo-projekt.png?w=737&amp;ssl=1 737w, https://i0.wp.com/zsp.wegrow.pl/wp-content/uploads/2019/09/logo-projekt.png?resize=150%2C25&amp;ssl=1 150w, https://i0.wp.com/zsp.wegrow.pl/wp-content/uploads/2019/09/logo-projekt.png?resize=300%2C50&amp;ssl=1 300w" sizes="(max-width: 737px) 100vw, 737px" /></figure>



<p class="has-text-align-center"><a href="https://zsp.wegrow.pl/index.php/nowa-jakosc-ksztalcenia-zawodowego-w-powiecie-wegrowskim/" data-type="page" data-id="11710">Nowa jakość kształcenia zawodowego w Powiecie Węgrowskim</a></p>



<div style="height:50px" aria-hidden="true" class="wp-block-spacer"></div>

<p>Projekt &#8211; „Pilotażowe wdrożenie modelu Specjalistycznych Centrów Wspierających Edukację Włączającą (SCWEW)&#8221; Nowa jakość kształcenia zawodowego w Powiecie Węgrowskim</p>
